inder when ((-33)/(-12))/(a/(-56)) is divided by 13?
9
Let n(y) = y**3 - 14*y**2 - 15*y + 39. Let z be n(13). Let g = z - -347. What is the remainder when g is divided by 16?
6
Let l(m) = m**3 - 9*m**2 - 12*m + 11. Let f be l(10). Let k = 31 - f. Suppose 41*u - 27*u - 210 = 0. Calculate the remainder when k is divided by u.
10
Suppose 4*q - 3*q - 3*u - 19 = 0, 2*u = q - 17. Suppose 16*t - 2172 = q*t. Suppose 4*w + 0*w = t. What is the remainder when w is divided by 46?
43
Suppose -47*r - 31*r + 13*r + 8515 = 0. What is the remainder when r is divided by 105?
26
Let j(y) = y**3 + 6*y**2 + y + 12. What is the remainder when 150 is divided by j(0)?
6
Suppose 23*h = 16*h - 35. Let g(r) = -2*r - 8. Calculate the remainder when 12 is divided by g(h).
0
Let q(y) = -8*y**3 + 4*y**2 + y. Let k be q(-2). Suppose -5*g + 2*j = 5*j - 162, k = 3*g - 3*j. Let v = 55 - g. Calculate the remainder when 44 is divided by v.
19
Suppose -17*m = 2*m - 7562. Calculate the remainder when m is divided by 23.
7
Let m(k) = 2*k + 55. Let q = 1120 + -972. What is the remainder when q is divided by m(-6)?
19
Let o(h) be the second derivative of h**3/2 + 32*h**2 + 90*h. What is the remainder when 97 is divided by o(-13)?
22
Let h(z) = -z**3 + 6*z**2 + 7*z. Let w be h(7). Suppose 3*l - 53 + 8 = w. Calculate the remainder when 28 + 1/(-2 + 1) is divided by l.
12
Suppose -13*p - 25*p = 14*p - 9984. What is the remainder when p is divided by 54?
30
Suppose 144 = 3*x + 132. Suppose -9*w + 106 = -7*w + x*f, -3*f - 53 = -w. What is the remainder when w is divided by 28?
25
Suppose -3*q - 50 = -61 - 52. What is the remainder when 1445 is divided by q?
17
Let j = -18317 - -19142. Calculate the remainder when j is divided by 207.
204
Let u(a) = -a**2 + 17*a + 23. Let z be u(18). Suppose -5*y + 334 = 2*s, -z*s = -3*s - 4*y - 370. What is the remainder when s is divided by 60?
57
What is the remainder when 517 is divided by (-6)/((1/5)/(40356/(-2565)))?
45
What is the remainder when ((-13)/(26/(-4315)))/((-70)/(-28)) is divided by 217?
212
Let x = 678 - 134. Suppose -64*g = -72*g + x. Calculate the remainder when 270 is divided by g.
66
Suppose -3*p = -114 + 9. Suppose -13*t = -2*m - 16*t + 207, -4*m = -3*t - 369. Suppose -m = -6*u + 12. Calculate the remainder when p is divided by u.
17
Suppose -23 = -3*b - 2. Let y = -84 - -291. Calculate the remainder when y is divided by b/(1*3/15).
32
Let s(f) = 16*f + 10. Let p(a) = 47*a + 30. Let c(x) = 2*p(x) - 7*s(x). Suppose -9*l = -733 - 842. What is the remainder when l is divided by c(-3)?
43
Suppose -4*j - 3*h = -4870, h = -389 + 387. Calculate the remainder when j is divided by 111.
109
Let u = -6087 + 6943. Calculate the remainder when u is divided by 36.
28
Let c = 17 - 26. What is the remainder when (-66)/2*3/c is divided by (27/135)/(8/160)?
3
Let l(w) = w**2 + 29*w - 244. Let z = 54 - 29. Calculate the remainder when z is divided by l(7).
1
Suppose 3*y = -l + 153, -137*y - 2*l - 194 = -141*y. What is the remainder when y is divided by 22?
6
Let i(z) = 8*z - 42. Suppose -6*b + 2*b = -16, 47 = 5*x + 3*b. Calculate the remainder when 118 + (-1 + 21)/4 is divided by i(x).
11
Suppose -4*k - n - 26 = -3*k, 4*n - 46 = 2*k. Let p = k - -27. What is the remainder when 28 is divided by 1/(2/20) + p?
4
Let b = 6240 + -6141. Calculate the remainder when b is divided by 90.
9
Let p(w) = 22*w**3 - 2*w**2 - 13*w + 23. Suppose -48 = -3*x + 5*u, 3*u - 30 = 3*x - 4*x. What is the remainder when p(2) is divided by x?
18
Let a = 1436 + -1192. Calculate the remainder when a is divided by 124.
120
Let r be 1*24 - 1/(-3)*9. Let l = -27 + r. Suppose 13*g - 11*g - 270 = l. What is the remainder when g is divided by 46?
43
Let y = -3179 - -3450. What is the remainder when y is divided by 80?
31
Suppose -31*g + 27*g - 28 = 0, 2*i = 4*g + 1804. What is the remainder when i is divided by 181?
164
Suppose 2*i - 40*w + 37*w = 1685, -7*i - 2*w + 5910 = 0. Let s(u) = 2*u**2 - 5*u - 7. What is the remainder when i is divided by s(5)?
16
Suppose 7*z + 27*z = -134*z + 116928. Calculate the remainder when z is divided by 141.
132
Let t be (-2)/(-1) + (-3 - -4). Suppose 208 = 2*c + t*z + z, 5*c = z + 509. Calculate the remainder when c is divided by 54.
48
Let u(t) = -17*t**3 - 4*t**2 - 7*t - 3. Calculate the remainder when u(-4) is divided by 48.
41
Let v(a) = -3*a**2 + 3*a + 62. Let b be v(-10). Let l = -188 - b. What is the remainder when l is divided by 27?
26
Let l be (-9 + 0)/((-2)/(-206)*-1). Suppose -28*j = -1593 - l. Calculate the remainder when 174 is divided by j.
84
Suppose -2*z - 22*o + 27*o + 54 = 0, 2*z - 108 = -4*o. Calculate the remainder when 153 is divided by z.
27
Let x = 4685 - 4633. Calculate the remainder when 277 is divided by x.
17
Let j = 74 + -13. Suppose 121*h = 126*h - 10. Suppose h*k = -2*x + 3*x - 10, -3*k = 3*x - 48. What is the remainder when j is divided by x?
5
Let x(j) = -7*j - 98. Let h be x(-15). Suppose 2*o - h*n - 108 = -2*n, 3*n = 2*o - 116. What is the remainder when o is divided by 27?
10
Suppose -13*a + 4*f + 8 = -11*a, a = -3*f - 16. Let t(n) = -14*n - 29. What is the remainder when 483 is divided by t(a)?
24
Let s be 60/70 - 164/28. Calculate the remainder when 623 is divided by (18/s - -2)/((-3)/45).
23
Let u be (48/18)/(6/9). Suppose u*r + r - 20 = 0. Suppose -204 - 24 = -r*d. What is the remainder when d is divided by 12?
9
Suppose -4*a + 1120 = 11*y - 7*y, 842 = 3*a + 4*y. Suppose -98 + a = 5*z. Calculate the remainder when 103 is divided by z.
31
Let h = -8 - -12. Suppose -5*v + 25 = 0, -h*d + 38 = 3*v - 65. Suppose d*w - 42 = 19*w. Calculate the remainder when w is divided by 4.
2
Suppose 5*n - 2*v - 166 = 0, -n - 5*v = -6 - 11. What is the remainder when n is divided by (427/183)/((-14)/(-30))?
2
Calculate the remainder when 10702 is divided by (-120)/100*(-10)/(-8)*1*-16.
22
What is the remainder when 5848 is divided by (-14 - (-16445)/69) + 2/3?
223
Let p be 27 - (-1 - 1 - -2). Let w = p + -9. What is the remainder when w is divided by 190/(-57)*24/(-16)?
3
Suppose -3*r + 21 = -0*f + 2*f, 0 = 3*f + 5*r - 33. Calculate the remainder when (-5)/(f + (-412)/68) is divided by 29.
27
Let g = 766 - 1276. Let s = 521 + g. Calculate the remainder when s is divided by 4.
3
Suppose -3*d = -3*c + 170 - 473, -517 = -5*d - c. Calculate the remainder when d is divided by 8*5/(-80)*-26*2.
25
Suppose 0 = -4*w + 51 + 65. Let y = -11140 - -11158. Calculate the remainder when w is divided by y.
11
Calculate the remainder when ((-63)/84)/(6 - (-62070)/(-10344)) is divided by 3.
0
Suppose b + t - 43 - 96 = 0, -2*t = -5*b + 660. Let y = 84 + -39. Calculate the remainder when b is divided by y.
44
Let p = 20 + -18. Calculate the remainder when 4 + (-3 - 2) + 22 is divided by p + 3 - (-3 - -3).
1
Let j(o) = 2*o**2 - 2*o + 161. What is the remainder when j(-33) is divided by 6?
5
Let l(m) = -11*m + 6. Let v(w) = 43*w - 24. Let f(z) = 9*l(z) + 2*v(z). Calculate the remainder when 124 is divided by f(0).
4
Suppose 0 = 3*s + 4*u - 355, 2*s + 3*u - 4*u = 222. Suppose -6*z + 7*z - 30 = 0. Let q = z - 1. Calculate the remainder when s is divided by q.
26
Let u = 171689 - 171454. Suppose -2*p - 88 = -208. Calculate the remainder when u is divided by p.
55
Suppose -2398 = -12*s + 290. What is the remainder when (-136)/(-3)*12*238/s is divided by 20?
18
Let w = -8 - -16. Let h = 5 - 2. Suppose h*j - 6*j + 162 = 0. Calculate the remainder when j is divided by w.
6
Let d = 119 - 84. Suppose 5*k - d = 5*s, -k = 2*k - 2*s - 22. Suppose 2*a = -2*p + 30, 2*a + 57 = 5*p - 2*a. What is the remainder when p is divided by k?
5
Let g = 483 + -328. Suppose -g = -3*i - v, 3*i + 5*v - 160 = -9. Suppose -43*d - 3144 = -328*d + 1015 - 1024. Calculate the remainder when i is divided by d.
8
Let j(n) = -n**2 - 14*n + 3. Let t = 60176 + -59876. Calculate the remainder when t is divided by j(-8).
45
Let o(m) = 406*m - 19. Let f be o(-2). Let c = f - -839. What is the remainder when 23 is divided by c?
7
Let m = 2 - -81. Let n(z) = -z**3 - 9*z**2 - 13*z. Let d be n(-7). Let o = 36 + d. Calculate the remainder when m is divided by o.
25
Suppose -2470 = -6*j + 2*x, -4*j + 15*x = 17*x - 1640. What is the remainder when 1652 is divided by j?
8
Let f be 7 + 4 + (-3)/3*-3.